 - (-2 - 9 - -6)
3
What is the value of -6 + (-8 - (6 + -11) - -11)?
2
What is the value of 6 - 1 - 12 - -4?
-3
Evaluate 4 + 0 + (1 - 9) - -9.
5
What is the value of 81 + -89 - (-5 + 1 - 1)?
-3
What is the value of -8 + -6 + 14 + 4?
4
Calculate 1 + 3 + 1 + -10.
-5
What is the value of 0 + -1 + 4 + -1?
2
Calculate -9 + 3 + (6 - 2 - -7).
5
Evaluate -2 - (6 + -5) - (-1 + -3).
1
Calculate 3 + -15 + 4 + 7.
-1
What is the value of 1 - 4 - (-18 - -15)?
0
Evaluate 4 + (-15 - (4 + -12)).
-3
Calculate 4 + (5 - (9 + -4)).
4
What is -1 + (3 - (10 + -6 - 4))?
2
Calculate -5 - ((-9 - 5) + 4) - 0.
5
What is the value of (2 - (2 + 3)) + (1 - -7)?
5
Evaluate 3 - (10 + -6 - 6).
5
-13 + 7 + 0 + -7 - -5
-8
What is the value of (-3 - 3) + (-13 - -18)?
-1
Evaluate -6 + -1 - (38 - 44).
-1
What is (12 - 10) + (-4 - (1 + -1))?
-2
Evaluate 0 - 2 - (-5 + 6).
-3
Calculate -1 - (-2 + -4 - -4).
1
What is -4 + (15 - -4) - 9?
6
Evaluate 9 + -8 + -9 + 15.
7
Calculate (-30 - -36) + (2 - 5).
3
What is (1 - 3 - 8) + (-3 - -4)?
-9
Evaluate (4 - (12 + -6)) + -2.
-4
What is -8 - -1 - (7 - 2 - 10)?
-2
Calculate 2 + 0 + (-2 - 0) + -2.
-2
What is the value of 0 + 3 + -8 + 4 + -1?
-2
What is (2 - 1) + 8 + -4 + -2?
3
-2 - -1 - ((4 - 9) + 2)
2
What is the value of 1 - -1 - (5 + -6)?
3
Evaluate (-1 - -2) + 0 - (4 - 1).
-2
Calculate 8 - (-18 + 24 - (1 - 0)).
3
What is the value of -3 + (3 + -3 - 0)?
-3
What is the value of 0 + -1 - (-2 + 11 + -10)?
0
Evaluate -13 - -8 - (4 + -1).
-8
What is the value of 1 - (-5 + 9) - (-1 + 0)?
-2
What is the value of 9 + -5 + (-3 - 1)?
0
Evaluate 0 + (-4 - 0 - -1 - -3).
0
Evaluate 28 + -31 - (-4 - 0).
1
-2 + (5 - 4) + 0
-1
Evaluate (-1 + 5 - 11) + 8.
1
-4 + 3 + -2 + -6 + 8
-1
What is the value of -8 - ((-10 - -1) + 0)?
1
What is 6 - (-4 - -6) - (6 - 2)?
0
What is 9 - (-7 + 10) - (7 + 1)?
-2
(-4 - -9) + -2 + 2
5
Calculate 5 + (0 - (2 - 4 - -5)).
2
What is the value of 6 - (-5 - (-11 - -1))?
1
-3 + 2 - (-20 + 23)
-4
Evaluate 0 - 3 - (3 + -5 - 1).
0
Evaluate -1 - (1 - 4 - (36 + -40)).
-2
What is (-8 - (-9 + 5)) + (-1 - -5)?
0
What is -1 - (-1 - -6 - 2)?
-4
What is 1 + 1 - (6 + 1 - 6)?
1
(0 - -8 - 1) + -5 - 3
-1
What is the value of 7 - (-6 + 6 + (4 - 3))?
6
Calculate (-2 + -1 - -3) + 1 + -6.
-5
What is 12 - 10 - (3 + (3 - 1))?
-3
Evaluate (-20 - -24) + (-3 - (3 + -2)).
0
What is the value of -1 - (21 + -2 - 12)?
-8
Evaluate -1 + (-3 - -1) - (17 - 17).
-3
Calculate 4 + (68 - 71 - (2 - -1)).
-2
(7 + -2 - 12) + 6 - 0
-1
-2 + 1 + -1 + 2
0
Calculate 3 - (2 - 1 - 0) - 3.
-1
Calculate -2 + 3 + -4 + 1.
-2
(-3 - (-1 - 2)) + 7 + -5
2
Evaluate -3 + (4 - 5) + 0.
-4
Evaluate (0 + 1 - -1) + (-35 - -32).
-1
Evaluate 3 - ((0 - (4 - -6)) + 6).
7
What is (8 - (-3 + 5)) + -10?
-4
Evaluate 8 + (-8 - 0) + 4.
4
What is the value of -5 + 9 + 0 - 6?
-2
Evaluate (-4 - -1) + 11 + -4.
4
-14 + (4 - -17) - (19 - 1)
-11
Evaluate 3 + -11 - (3 + -5).
-6
2 + -1 - -1 - 6
-4
Calculate (8 - -1) + (9 - 13).
5
(-3 - (-1 - -1)) + 3
0
Calculate 0 + -2 - (-2 - (-9 + 5)).
-4
Calculate 12 - (-7 + -9 + 21).
7
What is (20 - 13) + (3 - 12)?
-2
What is the value of (-7 - -3) + 1 - -2?
-1
Evaluate -10 + 15 - (-4 + 0 + 2).
7
Calculate 5 + 5 + -5 + -8.
-3
What is 4 - (5 + (-3 + 2 - -6))?
-6
What is the value of (168 - 170) + (1 - 0)?
-1
What is the value of 4 + -1 - (157 + -157)?
3
What is the value of 0 + -3 + 0 - -5?
2
Evaluate -5 + (2 - (3 - 5 - 9)).
8
What is the value of 11 - (1 + 1 + 3)?
6
Calculate 4 + -1 + -7 + -1 - -10.
5
What is the value of (3 + -5 - 2) + (3 - 0)?
-1
Evaluate (-3 - 0) + -1 + 17 + -6.
7
Calculate 7 - (6 - (-5 - 0)).
-4
What is the value of -44 + 36 - (-2 - 0)?
-6
-2 + 17 + 28 + -37
6
2 + (6 + -3 - -5) + -5
5
What is the value of 1 + (-5 - (-5 - -5))?
-4
What is the value of (15 - 4 - 4) + -2 - 1?
4
Evaluate -5 + 3 + -5 + 0.
-7
11 + 8 + 6 + -19
6
(-3 - (9 + -10)) + -3
-5
Calculate 4 + -3 + 5 + -6 + 4.
4
4 + -1 + -8 + -6 - -3
-8
What is -4 + ((-9 - -2) + 5 - 2)?
-8
15 - (-11 - -21) - (-1 + 5)
1
(-1 - (-13 + 2) - 6) + -3
1
Calculate -5 + (-1 - -1) + -17 + 21.
-1
What is the value of -8 + 3 - (-9 - 1)?
5
Calculate 2 + -2 - (4 - (0 + 10)).
6
What is (-1 - (-7 - -5)) + 2?
3
Calculate 6 + (6 - 4 - 6).
2
What is 14 + -11 - (14 + -1 + -2)?
-8
What is the value of -3 + (-2 + 3 - -1)?
-1
What is -8 + 8 + 3 + -1?
2
Evaluate 8 + (-4 + 12 - 9).
7
Evaluate 2 + (-4 + 4 - 7).
-5
Evaluate (-12 - -1) + 144 + -139.
-6
What is (4 - 2) + -2 + 5?
5
Evaluate -1 - 0 - (131 - 137).
5
What is the value of 2 + -9 - (-6 + 4)?
-5
What is the value of -6 + 3 + (1 - (7 + -3))?
-6
What is the value of 24 - 20 - (1 + -2 - -7)?
-2
Calculate 3 - (0 + -1) - (50 - 46).
0
15 - 36 - -15 - (-1 - 0)
-5
(-11 - (0 - 5)) + 1
-5
What is -3 - (-4 + 5 + 6) - -5?
-5
Evaluate -14 + 9 - (-4 - -2 - -2).
-5
12 - 6 - (12 - 0)
-6
What is the value of (-13 - -10) + (3 - 2 - 1)?
-3
What is -1 - (2 - (1 - 2))?
-4
Evaluate 1 + 0 + -1 - 3.
-3
What is -7 + (-3 - -1 - -5) - 1?
-5
5 + 0 + -8 - 0 - -6
3
(1 - (2 - 0)) + -3
-4
Evaluate (1 + 2 - 1) + (-33 - -40).
9
What is 3 - ((-4 - 1) + -3 + 17)?
-6
Calculate 6 - (13 + -3 + 6).
-10
Calculate 1 + -5 - (-7 + 10 - 0).
-7
Calculate -21 - -16 - (-2 - 1).
-2
What is (-5 + 2 - 1) + (-5 - -12)?
3
Evaluate -13 - -17 - (8 - 2).
-2
Evaluate -27 + 35 + 1 + -2 - 4.
3
Evaluate -2 + 2 + (-2 - -1) + 0.
-1
Evaluate 4 + -6 + 0 + 1.
-1
Calculate (0 - (1 + 3 - 1)) + 0.
-3
Calculate (7 - -12 - 5) + -5 + 0.
9
What is the value of -9 + 7 - (-5 + (8 - 4))?
-1
What is 7 - (0 + -1 + 4)?
4
What is (3 - 0 - (5 + -1)) + 3?
2
What is the value of 1 + (-13 - 0) - -8?
-4
Evaluate -5 + 15 + (-1 - -4) + -9.
4
6 - 13 - -1 - 0
-6
(-26 - -27) + (-2 - 2)
-3
Calculate (-4 - 1) + 1 + (-1 - -4).
-1
Evaluate (-11 - -9 - -3) + -7.
-6
Calculate 2 - (0 - -3) - -5 - 1.
3
What is (2 - 3) + -8 - -4?
-5
Calculate -1 + (3 - 1) - (20 + -20).
1
What is 6 - 2 - (5 - 3) - 2?
0
(-5 - 2) + (10 - 1)
2
Calculate (-8 - -22) + -14 + 1 + 0.
1
Calculate 1 + 0 + (-10 - -18 - 13).
-4
What is -68 - -57 - (-1 + (0 - 6))?
-4
What is the value of -4 + 12 + -1 + -3?
4
Calculate -10 + (4 - 4) + 5.
-5
What is the value of (5 - 2) + -5 - (0 + 2)?
-4
Calculate 7 + 2 - (-4 - -9).
4
-7 - ((4 - 2) + -4 - 0)
-5
Calculate -2 + (-2 - (-9 - (6 + -7))).
4
(-4 - -1) + 5 + (0 - -2)
4
What is the value of -2 + (2 - 3) + (0 - 2)?
-5
What is the value of 0 + -8 + 0 - (-11 - -7)?
-4
What is -2 - (0 + 2 + -16 + 11)?
1
-2 - (8 - (-2 + 7))
-5
Calculate 0 + (5 - 2) + 67 + -73.
-3
Evaluate -5 + (-1 - -5 - -2 - -2).
3
-1 + -2 + 3 + -5 - -3
-2
Evaluate -2 - (-6 + 0 + (-1 - -8)).
-3
What is -1 - (-6 - (-9 + 2))?
-2
-10 + 4 + 1 + 4
-1
What is -12 - (-7 + -4 + 5)?
-6
-4 + 7 + (-1 - -3) + -6
-1
What is -22 - (2 + (-12 - 4))?
-8
-8 + (0 - (-7 - -4 - 1))
-4
-5 + 20 + -7 + -8
0
What is -2 + -6 + (11 - (-1 + 7))?
-3
What is -29 + 14 + 11 + 9?
5
What is -5 - (5 - (13 - 6) - -1)?
-4
Calculate -7 - (0 + (-6 - (4 + -5))).
-2
Evaluate -15 - (-6 + -4) - 2.
-7
57 - 51 - (-1 + 1 - -11)
-5
Evaluate -9 + (-1 - -4 - -1) + 0.
-5
What is 2 + (1 - (-6 + 3))?
6
Calculate (5 - (-2 - -4)) + -2 + -2.
-1
Calculate 14 + -1 + 3 + -11.
5
What is -1 - (1 + -2 + 11 + -4)?
-7
-4 + (-1 - -10) - 3
2
Calculate -3 + (4 - (2 - 2)) + 3.
4
2 + (0 - -2) + -2 + 1
3
6 + 0 + -3 - 5
-2
What is the value of -3 - (3 - (-2 - -8))?
0
Calculate 2 - (0 + (7 - 3)).
-2
What is (-11 + -9 - -9) + 5?
-6
What is the value of -7 - (20 + -9 + -22)?
4
What is -9 + 2 + 3 + 6?
2
Calculate 3 + -3 + (-3 - -8).
5
What is the value of 0 - (4 + (2 - 4 - 6))?
4
Evaluate (-22 + 6 - -6) + 5.
-5
Calculate (-1 - 2) + 5 + 0 - -1.
3
What is the value of (6 - 20) + 15 - 0?
1
Evaluate (-1 - 4) + (3 - 1).
-3
What is 75 + -64 + (-20 - -2)?
-7
What is 3 - ((2 - 3) + 7 + -1)?
-2
What is the value of -4 + 1 + 0 + 2?
-1
Calculate (1 - -3) + (1 - 3).
2
Calculate (0 - 5) + 9 + (-4 - 1).
-1
What is the value of -4 - (-7 - (11 + -17))?
-3
What is (8 - (-11 + 9)) + -7?
3
What is the value of 0 + -2 + -1 + 6 + -2?
1
Calculate 5 + 2 + -7 + 1 + -2.
-1
(1 - -4) + -3 + 4
6
Calculate 1 - (4 + (-2 - 1)).
0
Evaluate (3 - 0) + -4 - (-2 + 2).
-1
Evaluate 7 - 1 - (2 + 0).
4
What is the value of -1 - (0 + -21 + 10)?
10
What is 1 + -6 + -1 - -4?
-2
What is the value of -6 + (-5 - -15) + -3?
1
What is 6 - (3 - -2) - (-1 + -5)?
7
-7 - 2 - (-15 - -3)
3
1 + 3 - ((6 - 3) + 1)
0
What i